)/((-1)/d). Let f(h) = h**3 + 3*h**2 + 4*h + 4. What is f(z)?
0
Let z be 3/(-6)*(-3 + 3). Let a(b) = b**3 + b + 0 + z + 10. Let s be (46/(-69))/((-16)/(-6))*0. What is a(s)?
10
Let t(r) = -16*r**3 + 258*r**2 - 34*r + 35. Let a be t(16). Let w(k) = 5*k - k - 2*k + 8*k. Give w(a).
30
Let r(l) = l**2 + 28*l - 24. Let a(m) = 72*m - 29. Let h be a(0). What is r(h)?
5
Let m(n) = n**3 + 2*n**2 - 11*n - 10. Let r be m(-4). Suppose -r*a + 3*d + 24 = 0, 3*a + 1 = -4*d + 3. Let k(x) = x**3 - 7*x**2 + 9*x - 9. What is k(a)?
9
Let b(z) be the third derivative of -z**7/840 - z**6/72 - 5*z**4/24 + 11*z**3/2 - 10*z**2 - 2*z. Let p(u) be the first derivative of b(u). Calculate p(-5).
-5
Let o(a) = -5*a - 112. Suppose 234 - 95 = -19*g - 279. Determine o(g).
-2
Suppose 0 = 2*z + h - 6, 0 = 17*z - 29*z - 4*h + 20. Let b(c) = 14*c**2 + c + 1. Give b(z).
14
Let s(l) = 76*l**2 - 2*l + 2. Let k be s(1). Suppose 6*g = 4*g + t + k, t = -2*g + 76. Let p = g - 33. Let q(w) = w**2 - 3*w - 6. Calculate q(p).
4
Let q(j) = 2*j**2 + 3*j + 2. Let t be q(-1). Let a(n) be the first derivative of 14 - n - 3/2*n**2. What is a(t)?
-4
Let z(t) = -4*t. Let v(k) = k**3 - 3*k**2 - 2*k - 4. Let h = 31 + -27. Let s be v(h). Let l be (-4)/3*(-3)/8*s. Determine z(l).
-8
Suppose -3*n + 72 = -15*n. Let y(q) = -11*q + 8 + 10*q - q**2 - 4*q. Calculate y(n).
2
Let z(b) = b**3 + 5*b**2 - 3*b - 46. Let r(w) = 3*w**2 - w - 1. Let g(k) = -2*r(k) + z(k). What is g(0)?
-44
Let w(z) be the first derivative of -z**3/3 - z**2/2 - 34*z + 659. Let g = 4 - 4. What is w(g)?
-34
Let n(z) be the second derivative of 1/6*z**4 + z**2 + 0*z**3 + 41*z + 0. Determine n(-2).
10
Let w(s) be the second derivative of 3*s**3/2 + 11*s**2 - 1661*s. What is w(-4)?
-14
Let k(p) = 6 + 1 + 15 + 8 + 13*p - 7. What is k(-5)?
-42
Suppose -5*b = -3*n - 2*b, b = -5*n + 12. Let k(y) = -3*y**2 + y - 1. What is k(n)?
-11
Let j(i) be the first derivative of -i**6/120 - 11*i**5/60 + 7*i**4/12 + 3*i**3 - 21*i**2/2 + 63. Let n(g) be the second derivative of j(g). Calculate n(-12).
-6
Let s(z) = 226*z + 33. Let q(a) = -414*a - 67. Let d(n) = 6*q(n) + 11*s(n). Determine d(20).
1
Let s(u) = 14 + 54 - 19 + 14*u. Calculate s(-7).
-49
Suppose -3*c + 3 = 3*w - 36, -2*w + 31 = -3*c. Let r be -3*(w/6 - 1). Let t(o) be the first derivative of o**2 - 1361. Give t(r).
-8
Let b be 612/108 - ((2 - 1) + 4). Let v(q) be the third derivative of 0 - 1/24*q**4 + 0*q + 1/60*q**5 - b*q**3 + 9*q**2. Calculate v(0).
-4
Suppose 4*y = -y + 305. Let v = y - 59. Let g(h) = h**2 - h - 1. Let c(b) = 3*b**3 - 9*b**2 + 5*b + 8. Let z(j) = c(j) + 6*g(j). Determine z(v).
12
Let s(a) = 18*a**2 + a. Suppose -9*o + 60 = o. Let n(m) = 4*m - 23. Let c be n(o). Let j(w) = w**3 - 3*w**2 + 1. Let z be j(c). Calculate s(z).
17
Let m = 270 - 264. Let d(i) = -4*i + 2487 + m*i - 2491. Suppose 2*a + 2 = -2*v - 0*a, 0 = -3*v + 3*a - 15. Give d(v).
-10
Let u(a) be the first derivative of a**4 + a**3/3 + 3*a**2 + 4*a + 71. Let g(x) = -21*x**3 - 5*x**2 - 32*x - 21. Let r(t) = -2*g(t) - 11*u(t). Calculate r(-2).
14
Let r(m) = -2*m - 29. Let i = -28490 + 28474. What is r(i)?
3
Let v(p) = p**2 - 8*p + 1. Suppose -2*b + 12 + 14 = 0. Suppose 3*j = -b + 73. Let l = -13 + j. Give v(l).
-6
Let z(a) = 17*a**2 + 21*a - 3. Let s(l) = -9*l**2 - 12*l + 1. Let f(y) = 11*s(y) + 6*z(y). Calculate f(3).
2
Let g(p) = 2*p + 35 - 68 + 34. Suppose 4*d = -3*t - 7 + 4, 0 = t - 2*d - 9. What is g(t)?
7
Let d(i) = 2*i + 6. Let z(t) = -t - 6. Let p(k) = -4*d(k) - 3*z(k). Suppose -14*b + 29*b + 48 = -12. Determine p(b).
14
Let o(k) be the third derivative of k**5/60 + k**4/8 - 14*k**2. Suppose -1 = -4*s - 3*y, -y + 2 = 3. Let n be s/(-3) - (22/6 - 0). Give o(n).
4
Let d(p) = -p**2 - 9*p + 5. Let i(z) = -z**2 - z - 6. Let j(u) = -d(u) + 2*i(u). Let x be (-2 + 18/4)*2. Let o be j(x). Let n(r) = -r - 5. Give n(o).
2
Let u(r) = 2*r**3 + 12*r**2 + 2*r - 3. Let l(s) = 7*s**3 + 37*s**2 + 3*s - 8. Let k(f) = -3*l(f) + 10*u(f). Give k(10).
4
Let r(q) = -8*q - 110. Let z(f) = -24*f - 639. Let d be z(-26). What is r(d)?
10
Let f(d) = -d**3 + 5*d**2 + 7. Suppose 4*x - 9 = 27. Let k be 1/(-3) + 3/x. Suppose k = 2*q + 2*b, -2*q = 2*q - b - 25. What is f(q)?
7
Let p(z) be the second derivative of z**5/20 + 7*z**4/12 - 3*z**3/2 - 5*z**2/2 - 316*z - 5. Let y be 4/10 + 210/(-25). Give p(y).
3
Suppose -2*z + 49*z - 1235 = -18*z. Let f(q) = -q**2 + 16*q + 32. Determine f(z).
-25
Let z(d) be the second derivative of d**4/12 + 5*d**3/6 + 2*d**2 - d. Let o(y) = -3*y**2 - 58*y**3 + 59*y**3 - 14 - 5. Let c be o(4). What is z(c)?
-2
Let l(j) = 7*j**2 + j - 2. Let q = -6328 - -6330. Calculate l(q).
28
Let c(w) = 3*w - 1. Let l(y) be the first derivative of -y**3/3 - y**2/2 - 4*y + 118. Let j be l(0). Determine c(j).
-13
Let j(h) = -3*h. Let z be 4/(-26) + 33/(-39) - (-35)/(-7). What is j(z)?
18
Let c(i) be the first derivative of -i**3/3 - 5*i**2/2 - 2*i - 1. Suppose -1 + 0 = m - 3*t, 0 = -4*t + 12. Suppose m = -4*h - 8. What is c(h)?
2
Suppose 52 = -3*z + 2*h, 5*h - 29 = -4. Let u(x) = -3*x**2 - 42*x - 2. What is u(z)?
-2
Let g(d) be the first derivative of -d**2/2 - 13*d + 262. Let l(m) = -9*m + 27. Let n be l(4). Give g(n).
-4
Let s(y) be the second derivative of -5/6*y**4 + 13*y + 0 + 13/2*y**2 - 7/6*y**3 - 1/20*y**5. Suppose -2*x - 2*x + c = 41, 2*x - 5*c = -43. Determine s(x).
-5
Let o be (-5)/50 - (5928/80)/19. Let p(g) = g + 11. Give p(o).
7
Let k be (-2*1)/(6*(-3)/765). Suppose 3*h + 79 = k. Let r(f) = 8*f + 1. Calculate r(h).
17
Let f(q) = -q**3 - 4*q**2 + 11*q - 11. Let t(x) = -6*x**3 - x**2 - 75*x + 76. Let b be t(1). Give f(b).
-5
Let m(o) be the third derivative of -7/6*o**4 - 1/6*o**3 + 2 + 3*o**2 + 0*o. Calculate m(-1).
27
Let v(w) = 2*w**2 - 415*w - 4. Let h(q) = 3*q**2 - 725*q - 8. Let o(p) = -4*h(p) + 7*v(p). Let f be 4 - 0 - 0/2. What is o(f)?
16
Let w(i) = -i**2 + i. Let l(r) = 2*r**2 - 10*r - 7. Let n be (-8)/(40/35) + 6. Let a(u) = n*l(u) - 3*w(u). Calculate a(-6).
1
Let r be (-2844)/(-1185)*(-5)/(-2). Let b(f) = -7*f**2 + 24*f + 97. Calculate b(r).
-11
Let s = -677 - -377. Let a = s + 502. Let u be 0 + (a/(-18) - 6/(-27)). Let n(y) = y**3 + 10*y**2 - 9*y + 16. Determine n(u).
-6
Let v(m) = -6*m**3 + 917 + 5*m + 5*m**3 + 8*m - 908 - 2*m**2 - 5*m. Calculate v(-4).
9
Suppose -o - 4*z - 21 = 0, -o + 118*z = 121*z + 17. Let v(r) = -r**2 - 2*r + 4. Give v(o).
-11
Let y = -4 - 8. Let n(q) = q**3 + 12*q**2 - 2*q - 7. Calculate n(y).
17
Let f(z) be the third derivative of 75*z**2 - 1/60*z**5 + 0 + 1/6*z**3 + 1/8*z**4 + 0*z. Calculate f(3).
1
Let l(i) = i**3 + 22*i**2 + 1. Let q be l(-22). Suppose -3*z - q = -2*r, 5*z = r - 1 + 4. Let x(j) = 0 - 4*j**2 - 3*j**3 + 4*j**3 - 2 + 2*j. What is x(r)?
-6
Let w(b) be the second derivative of b**3/6 + b**2 + 380*b. Let d(s) = -7*s - 54. Let i be d(-9). Determine w(i).
11
Let o(r) = -7*r**3 - 5*r**2 + 12*r + 7. Let y(m) = m**3 - 2*m. Suppose -1 = -13*q + 12. Let w(j) = q*o(j) + 6*y(j). Calculate w(-5).
7
Let o(b) = 10*b + 28. Let t(q) = -731*q**2 - 2924*q + 5. Let i be t(-4). What is o(i)?
78
Let a(v) = -60 - v**3 - 10*v + 2*v - 60 + 188 - 65 - 10*v**2. Give a(-8).
-61
Let s(p) = -34*p + 21*p + 15*p. Let o(z) = z**3 + 9*z**2 + 13*z - 7. Let d be o(-7). What is s(d)?
0
Let g(i) = -1 + 6 - 10726*i - 10732*i + 21473*i. Calculate g(0).
5
Suppose 15 = 5*j, 2*j + 5 = 3*d - 1. Suppose 0 = 3*o + d*o - 14. Let v be 1/((6/(-15))/o). Let h(g) = g + 7. Calculate h(v).
2
Let o = -2086 - -2083. Let x(b) = b**3 + 2*b**2 - b - 5. Determine x(o).
-11
Let t(v) = v**2 - 9*v + 11. Let u(k) = -5*k + 5. Let p(g) = 2*t(g) - 5*u(g). Suppose -5*a = -5*i - 15, 23 = -2*i - 3*a + 2. What is p(i)?
27
Let l(h) = -h + 7. Let q(j) = 7*j. Let p(v) = 3*v. Let z(g) = -5*p(g) + 2*q(g). Let f(u) = 2*l(u) - 3*z(u). What is f(-11)?
3
Let o = -209 - -210. Let r be (o*(-2)/(-2))/1. Let j(z) = 0 - 5 + 10*z + 4. Calculate j(r).
9
Let f(v) = 2*v + 1. Let p be (-39)/52 - 2878/(-8). Suppose -360*j + p*j = 3. What is f(j)?
-5
Let r be -6 + 4 - (-16)/2. Let f(j) = 9*j**2 - 5*j - 6. Let d(z) = -31*z**2 + 15*z + 17. Let t(k) = -2*d(k) - 7*f(k). Give t(r).
2
Let c(z) = -z - 5. Let i(w) = -3*w**2 - 38*w + 8. Let l be i(-13). Let v be (6/l)/(-11 - 594/(-55)). Determine c(v).
-11
Suppose 5*u = 3*c + 29, 16*c = 5*u + 11*c - 35. Let w